{"id":7,"date":"2025-09-08T20:18:09","date_gmt":"2025-09-08T20:18:09","guid":{"rendered":"https:\/\/institutojoaquinmontoya.com.co\/?page_id=7"},"modified":"2025-09-08T20:29:13","modified_gmt":"2025-09-08T20:29:13","slug":"elementor-7","status":"publish","type":"page","link":"https:\/\/institutojoaquinmontoya.com.co\/?page_id=7","title":{"rendered":"Misi\u00f3n"},"content":{"rendered":"<p><img loading=\"lazy\" decoding=\"async\" width=\"1024\" height=\"768\" src=\"https:\/\/institutojoaquinmontoya.com.co\/wp-content\/uploads\/2025\/09\/WhatsApp-Image-2025-07-09-at-11.35.13-AM-2-1024x768.jpeg\" alt=\"\" srcset=\"https:\/\/institutojoaquinmontoya.com.co\/wp-content\/uploads\/2025\/09\/WhatsApp-Image-2025-07-09-at-11.35.13-AM-2-1024x768.jpeg 1024w, https:\/\/institutojoaquinmontoya.com.co\/wp-content\/uploads\/2025\/09\/WhatsApp-Image-2025-07-09-at-11.35.13-AM-2-300x225.jpeg 300w, https:\/\/institutojoaquinmontoya.com.co\/wp-content\/uploads\/2025\/09\/WhatsApp-Image-2025-07-09-at-11.35.13-AM-2-768x576.jpeg 768w, https:\/\/institutojoaquinmontoya.com.co\/wp-content\/uploads\/2025\/09\/WhatsApp-Image-2025-07-09-at-11.35.13-AM-2-1536x1152.jpeg 1536w, https:\/\/institutojoaquinmontoya.com.co\/wp-content\/uploads\/2025\/09\/WhatsApp-Image-2025-07-09-at-11.35.13-AM-2.jpeg 1600w\" sizes=\"auto, (max-width: 1024px) 100vw, 1024px\" \/>\t\t\t\t\t\t\t\t\t\t\t\t\t<\/p>\n<p>Se concibe como la raz\u00f3n de ser de la instituci\u00f3n formar estudiantes integrales con valores de responsabilidad, activos, perceptivos, creativos, adaptables, flexibles, mediante la calificaci\u00f3n permanente de procesos pedag\u00f3gicos en investigaci\u00f3n agroambiental que le permitan solucionar problemas de manera racional y tome decisiones frente a las situaciones de la vida, para que pueda acceder al mundo laboral o ingresar a la educaci\u00f3n superior o t\u00e9cnica eligiendo cualquier carrera en especial las relacionadas con nuestro PEI, como estrategia de soluci\u00f3n a los problemas del desarrollo nacional, regional, local generando as\u00ed una conciencia ambiental.<\/p>\n","protected":false},"excerpt":{"rendered":"<p>Se concibe como la raz\u00f3n de ser de la instituci\u00f3n formar estudiantes integrales con valores de responsabilidad, activos, perceptivos, creativos, adaptables, flexibles, mediante la calificaci\u00f3n permanente de procesos pedag\u00f3gicos en investigaci\u00f3n agroambiental que le permitan solucionar problemas de manera racional y tome decisiones frente a las situaciones de la vida, para que pueda acceder al [&hellip;]<\/p>\n","protected":false},"author":1,"featured_media":0,"parent":0,"menu_order":0,"comment_status":"closed","ping_status":"open","template":"","meta":{"footnotes":""},"class_list":["post-7","page","type-page","status-publish","hentry"],"_links":{"self":[{"href":"https:\/\/institutojoaquinmontoya.com.co\/index.php?rest_route=\/wp\/v2\/pages\/7","targetHints":{"allow":["GET"]}}],"collection":[{"href":"https:\/\/institutojoaquinmontoya.com.co\/index.php?rest_route=\/wp\/v2\/pages"}],"about":[{"href":"https:\/\/institutojoaquinmontoya.com.co\/index.php?rest_route=\/wp\/v2\/types\/page"}],"author":[{"embeddable":true,"href":"https:\/\/institutojoaquinmontoya.com.co\/index.php?rest_route=\/wp\/v2\/users\/1"}],"replies":[{"embeddable":true,"href":"https:\/\/institutojoaquinmontoya.com.co\/index.php?rest_route=%2Fwp%2Fv2%2Fcomments&post=7"}],"version-history":[{"count":8,"href":"https:\/\/institutojoaquinmontoya.com.co\/index.php?rest_route=\/wp\/v2\/pages\/7\/revisions"}],"predecessor-version":[{"id":43,"href":"https:\/\/institutojoaquinmontoya.com.co\/index.php?rest_route=\/wp\/v2\/pages\/7\/revisions\/43"}],"wp:attachment":[{"href":"https:\/\/institutojoaquinmontoya.com.co\/index.php?rest_route=%2Fwp%2Fv2%2Fmedia&parent=7"}],"curies":[{"name":"wp","href":"https:\/\/api.w.org\/{rel}","templated":true}]}}